*t + 6 = -0*t. Calculate the remainder when 59 is divided by k.
17
Suppose -3*n + 2*m + 164 = 0, 3*n + 0*m + 2*m = 148. Suppose 2*c - 6*c - 2*a = -n, -2*a = 2*c - 30. Calculate the remainder when 51 is divided by c.
7
Suppose -3*h + 415 = g, -529 - 140 = -5*h + 4*g. Let v = -57 + h. Calculate the remainder when v is divided by 27.
26
Let a be ((-3)/4)/((-2)/488). Suppose -6*r + 3*r + a = 0. Let s = 17 - 1. What is the remainder when r is divided by s?
13
Suppose 678 - 582 = 8*z. Suppose -k + 4 + 27 = 0. Calculate the remainder when k is divided by z.
7
Let j = 616 + -430. Calculate the remainder when j is divided by 48.
42
Let n = 3558 - 3508. What is the remainder when n is divided by 36*(-1)/4*-2?
14
Suppose 2*h = 5*s - 0*s + 72, -3*h + 134 = -s. Calculate the remainder when 228 is divided by h.
44
Let f(z) = -11*z + 2 - 4*z - 20*z - 37*z. What is the remainder when f(-1) is divided by 25?
24
Suppose 0 = -0*s + s + 5*k - 6, 2*k = -2*s + 28. Let l(y) = y**2 - 11*y - 41. What is the remainder when l(17) is divided by s?
13
Let n be 1/(-2) + (-1340)/(-8). Let l = n + -117. Suppose 2*k - 9*k + 91 = 0. What is the remainder when l is divided by k?
11
Let n = -34 + 36. What is the remainder when (n - 1)*(-3 - -28) is divided by 9?
7
Suppose 0 = -a + 2*h + 40, -2*a - 5*h = a - 120. Calculate the remainder when -15*(-10)/50*79 is divided by a.
37
Let g(k) = k**2 + 11*k + 30. Suppose 16 = -4*c + 3*f - 12, 5*c + 5*f + 35 = 0. What is the remainder when g(c) is divided by 2?
0
Let x = -524 - -540. Calculate the remainder when 47 is divided by x.
15
Suppose 2*q = 16*q - 3094. What is the remainder when q is divided by 56?
53
Let r = 143 - 99. Let j = -17 + r. Calculate the remainder when j is divided by 10.
7
Let u = 69 + -34. What is the remainder when -212*(-30)/40 + -21 is divided by u?
33
Suppose -3*f + 67 = -5*m, 4*f + m = -m + 46. Suppose -x = x - f. Let u = -8 - -26. What is the remainder when u is divided by x?
4
Let p = -379 + 417. Calculate the remainder when 57 is divided by p.
19
Let o(z) = 3*z**3 - 3*z**2 + 6*z + 12. Let q be o(-5). What is the remainder when q/30*(-15)/(-6)*-1 is divided by 8?
7
Let d(m) = -m**2 - 17*m - 15. Let s = 937 + -762. Calculate the remainder when s is divided by d(-12).
40
Let j = -47 - 28. Calculate the remainder when 39 is divided by -4*(j/10 + 4).
11
Suppose -6*n = -2*n + 4. Calculate the remainder when ((-2)/8)/(n/172) is divided by 15.
13
Let b = 148 + -67. Suppose 16*u = 291 + 381. Calculate the remainder when b is divided by u.
39
Suppose 4*c + 98*b - 86 = 96*b, 52 = 2*c + 4*b. Suppose -3*d + 4*r - 102 = -353, 4*r = -2*d + 134. Calculate the remainder when d is divided by c.
17
Let y(m) = m**3 + 9*m**2 + 4*m - 11. Let x = -17 - -53. Calculate the remainder when y(-5) is divided by x.
33
Let m(i) = 35*i**2 + 3*i + 9. Let c be m(-3). Calculate the remainder when 40 is divided by (c/(-6))/7*-2.
10
Let l = -1193 + 773. Let i be (4/(-5))/(8/l). Suppose 4*m + 8 - 2 = -c, 4*m = 5*c - i. What is the remainder when 23 is divided by c?
5
Suppose 0 = -3*y + 15 - 24. Calculate the remainder when (-18)/((-8)/(-12)*-3) is divided by (y/(-2))/((-3)/(-8)).
1
Let t = 21 + -13. Let d(r) = r**3 - r**2 + r + 37. What is the remainder when d(0) is divided by t?
5
Suppose -4*o = -5*h + 200, -2*o + 3*o + 37 = -2*h. Let w = o - -90. What is the remainder when 178 is divided by w?
43
Let m = 5 + 3. Let l(z) = -z**3 + 9*z**2 - 5*z - 6. Let c(t) = t**2 + 2*t - 8. What is the remainder when l(m) is divided by c(3)?
4
Suppose -r + 13 = -3*d, 0 = r + 6*d - 3*d - 1. What is the remainder when (-7)/(14/(-68))*2 is divided by r?
5
Let k(v) = v**3 - 36*v**2 + 37*v + 87. Calculate the remainder when k(35) is divided by 23.
19
Let h(p) = 4*p**3 + 5*p**2 - 2*p - 5. Calculate the remainder when h(3) is divided by (12/(-4))/1 + 27.
22
Suppose -5*w = 5*z - 2*z - 5, -4*z + 3*w + 55 = 0. Let u = 15 - z. Suppose t - 3*i - 15 = 0, 0*t + u*i = -t - 1. What is the remainder when t is divided by 3?
0
Suppose 0 = 3*a - 5*o - 49, a = 14*o - 16*o + 20. What is the remainder when 683 is divided by a?
17
Let j = 16 + 3. Let d = 64 - 39. Suppose 3*h = -2*h + d. What is the remainder when j is divided by h?
4
Let v(d) = -d**3 - 31*d**2 - 35*d - 68. What is the remainder when v(-30) is divided by 29?
24
Suppose 0 = 4*s + s - 3*a, -4*a = 4*s + 32. Let p = s + 16. Let f = -7 + p. What is the remainder when 9 is divided by f?
3
Let j(w) = -46*w**3 + 2*w**2 - 3*w - 22. Calculate the remainder when j(-3) is divided by 125.
122
Let d = 47 + -47. Suppose -5*l + 27 = 4*n, d*l = 2*l - 2*n - 18. What is the remainder when 26 is divided by l?
5
Suppose -b = -u + 20, -3*u + b = -b - 58. Suppose 5*m - 19 = 5*o + 36, -o + 4 = 0. Let p = u - m. Calculate the remainder when 11 is divided by p.
2
Suppose -11 = -3*y + 2*n, 4 = 4*y + 4*n - 24. Let o(g) = 48*g - 25*g + 3 - 21*g. What is the remainder when 49 is divided by o(y)?
10
Suppose 0 = -y + 2*f + 27, 2*y + 8*f - 3*f = 63. Let s = 18 + 1. What is the remainder when y is divided by s?
10
Suppose -58 = -s + 4*n, 3*s + 3*n + 0*n - 234 = 0. Calculate the remainder when s is divided by 23.
5
Let j(y) = 5*y - 13. Let w = 58 - 17. Suppose 0 = 6*p + 5 - w. What is the remainder when 65 is divided by j(p)?
14
Let b(c) = 4*c**2 + 2*c. Let i = -10 - -8. What is the remainder when 15/6*220/25 is divided by b(i)?
10
Let m = 55 - 2. Calculate the remainder when 208 is divided by m.
49
Let k(h) = -3*h - 7. Suppose 0 = -2*n + 6 - 0. Suppose 7 = -q + n. What is the remainder when k(q) is divided by 2?
1
Let q(w) = 359*w**2 + 4*w - 13. What is the remainder when q(-2) is divided by 118?
117
Let y(t) = -t**3 - t**2 - t - 136. Let s be y(0). Let d = -94 - s. Suppose 4*g + 492 = 8*g. Calculate the remainder when g is divided by d.
39
Suppose 4*l + 3*c - 761 = -318, 0 = 2*l - 5*c - 215. Let f = l + -75. Calculate the remainder when f is divided by (-8 + 6)/((-2)/9).
8
Let p be 2 + -2 + 3 - 20/5. What is the remainder when 60 is divided by (-39)/(-3) + 0/(p - 1)?
8
Suppose 43 = -3*i - b + 256, 78 = i - 2*b. Calculate the remainder when i is divided by 16.
8
Suppose 3*i = 7*i + 5*v - 177, 4*v - 219 = -5*i. What is the remainder when 169 is divided by i?
40
Let m(t) = 37*t**3 - t**2 + 1. Let u be m(1). Let h = 87 - u. Suppose -2*a + 4*c + 48 = 0, 0 = -2*a - a - c + 79. What is the remainder when h is divided by a?
24
Suppose -2*s = -5*z - 93, -2*z = 3*s + 4 - 96. What is the remainder when 54 is divided by s?
20
Let p(h) = 4*h**3 - 3*h**2 + 7*h - 5. Let k(b) = b**3 + b. Let r(g) = 3*k(g) - p(g). What is the remainder when 1 is divided by r(2)?
0
Suppose 0 = p + 4*m - 61, -2*m - m = -p + 89. What is the remainder when p is divided by (-115)/(-10) - -4 - (-5)/10?
13
Let w be 2*(-1)/2*31. Suppose -4 = 4*s, -3*d = -6*s + s - 29. What is the remainder when (-6)/d + w/(-4) is divided by 5?
2
Let a = -26 + 282. Suppose 3*l + a = -2*g + 63, -l = 3*g + 69. Calculate the remainder when 83 is divided by 1/(60/l - -1).
20
Suppose -3*g = -9, -5*x = 2*g - 0*g - 556. What is the remainder when x is divided by 56?
54
Suppose 0 = -131*j + 124*j + 616. What is the remainder when j is divided by 5?
3
Calculate the remainder when 2433 is divided by ((-783)/(-174))/(-2 + 31/14).
18
Let k(g) = -8*g - 53. Calculate the remainder when k(-19) is divided by 56.
43
Suppose b = 35 - 168. Let z = -92 - b. Suppose 2*t + 2*t = 3*g + 465, 3*t = -g + 365. Calculate the remainder when t is divided by z.
38
Let p(v) = v**3 + 6*v**2 - 6*v + 4. Let q be p(-5). Let m = q + -30. Calculate the remainder when m is divided by 8.
5
Let g = 13 + -13. Let w be g/2 + 18/(-6). What is the remainder when 33 is divided by (-4 + 1 - 0)*w?
6
Let t be 404/10 + 48/30 + -2. Let z = 52 - t. What is the remainder when 45 is divided by z?
9
Suppose 0 = -5*d + 10, -c + 3 + 9 = -3*d. What is the remainder when 70 is divided by c?
16
Let q(h) = 3*h**3 + 4*h - 3. Let g(o) = 89*o**2 - 1. Let s be g(-1). Suppose -s = -7*l - 18. What is the remainder when q(2) is divided by l?
9
Suppose 0 = -7*m + 87 + 340. Calculate the remainder when 242 is divided by m.
59
Suppose 22*l - 609 = l. Calculate the remainder when l is divided by 5.
4
Let j(c) = c**2 - 6*c + 3. Let h be (0 + (4 - 3))*3. Let g be j(h). Calcula